False
Does 150 divide 1056696?
False
Is 1297242 a multiple of 27?
True
Is 122 a factor of 2034649?
False
Is 1134198 a multiple of 222?
True
Is 151 a factor of 147986?
False
Is 37 a factor of 661573?
False
Is 719506 a multiple of 124?
False
Is 1394 a factor of 8522623?
False
Is 86765 a multiple of 7?
True
Does 20 divide 120300?
True
Is 23 a factor of 865491?
False
Is 85 a factor of 28245?
False
Is 2002702 a multiple of 762?
False
Does 48 divide 23239805?
False
Is 1446429 a multiple of 309?
True
Does 12 divide 500409?
False
Is 98289 a multiple of 201?
True
Does 31 divide 3031242?
True
Does 8 divide 224461?
False
Is 539027 a multiple of 3?
False
Is 6847645 a multiple of 11?
False
Does 68 divide 1566813?
False
Does 162 divide 97208?
False
Is 120 a factor of 76158?
False
Is 13 a factor of 320788?
True
Does 10 divide 38588?
False
Is 38 a factor of 3175926?
True
Is 28290 a multiple of 69?
True
Is 370872 a multiple of 34?
True
Does 99 divide 14376087?
True
Is 490502 a multiple of 84?
False
Is 331 a factor of 10845491?
False
Is 45 a factor of 491940?
True
Does 20 divide 4622460?
True
Is 6064500 a multiple of 1244?
True
Does 15 divide 53217?
False
Is 931845 a multiple of 345?
True
Is 21 a factor of 427224?
True
Does 241 divide 216900?
True
Is 54826 a multiple of 7?
False
Is 403 a factor of 29190902?
True
Is 696563 a multiple of 7?
True
Does 610 divide 10579415?
False
Does 100 divide 838100?
True
Is 8 a factor of 17112?
True
Is 2239240 a multiple of 37?
True
Does 6 divide 2088714?
True
Is 1243772 a multiple of 554?
False
Is 712075 a multiple of 35?
True
Does 14 divide 1892541?
False
Is 17 a factor of 620200?
False
Is 11 a factor of 119152?
True
Does 28 divide 54211?
False
Is 6794355 a multiple of 51?
False
Is 35 a factor of 2757580?
True
Is 511955 a multiple of 97?
False
Is 1717440 a multiple of 480?
True
Is 3012809 a multiple of 149?
False
Does 1023 divide 9138985?
False
Is 1759152 a multiple of 12?
True
Does 7 divide 163935?
False
Is 9272475 a multiple of 285?
True
Is 48 a factor of 103003?
False
Is 6906741 a multiple of 7?
False
Is 375 a factor of 5181000?
True
Is 4 a factor of 140948?
True
Is 5247254 a multiple of 78?
False
Does 149 divide 283696?
True
Does 35 divide 2467150?
True
Is 942346 a multiple of 292?
False
Does 824 divide 5386488?
True
Is 686 a factor of 9507960?
True
Is 185 a factor of 3690565?
True
Does 18 divide 51091?
False
Is 134780 a multiple of 93?
False
Is 24 a factor of 559800?
True
Is 139062 a multiple of 86?
True
Is 93555 a multiple of 189?
True
Is 892515 a multiple of 23?
True
Is 9742939 a multiple of 8?
False
Does 84 divide 357252?
True
Does 247 divide 1662562?
False
Is 6 a factor of 3196?
False
Does 57 divide 1269687?
False
Is 127 a factor of 6706285?
False
Is 14787168 a multiple of 48?
True
Does 1676 divide 801774?
False
Does 193 divide 152451?
False
Is 10395804 a multiple of 29?
True
Does 2 divide 57133?
False
Is 509 a factor of 1010874?
True
Is 19274292 a multiple of 1378?
False
Does 52 divide 4341532?
True
Is 1201 a factor of 3759130?
True
Does 21 divide 177460?
False
Is 246249 a multiple of 542?
False
Is 60921 a multiple of 21?
True
Is 17 a factor of 89843?
False
Is 65145 a multiple of 5?
True
Is 76 a factor of 38152?
True
Is 373 a factor of 94742?
True
Is 5421630 a multiple of 30?
True
Is 10355 a multiple of 2?
False
Is 590 a factor of 130980?
True
Is 1409 a factor of 22042396?
True
Is 36 a factor of 194364?
True
Is 234144 a multiple of 24?
True
Does 35 divide 43365?
True
Is 5 a factor of 400753?
False
Is 91793 a multiple of 13?
True
Does 23 divide 153663?
True
Is 56622 a multiple of 15?
False
Is 26 a factor of 300330?
False
Is 105300 a multiple of 50?
True
Is 11 a factor of 2455387?
True
Is 1009406 a multiple of 1138?
True
Is 4658302 a multiple of 20?
False
Does 540 divide 692820?
True
Does 9 divide 168122?
False
Is 504978 a multiple of 9?
False
Is 167310 a multiple of 99?
True
Is 144831 a multiple of 23?
True
Does 16 divide 129337?
False
Is 296 a factor of 1208477?
False
Is 670750 a multiple of 25?
True
Is 238920 a multiple of 88?
True
Is 127 a factor of 261272?
False
Is 329740 a multiple of 3?
False
Is 14 a factor of 990176?
False
Is 39 a factor of 597168?
True
Does 71 divide 4332?
False
Does 341 divide 14135132?
True
Is 231553 a multiple of 19?
True
Is 323921 a multiple of 293?
False
Is 290971 even?
False
Is 1180373 a multiple of 48?
False
Does 689 divide 7927634?
True
Is 38066 a multiple of 75?
False
Is 62535 a multiple of 56?
False
Is 17 a factor of 11203?
True
Does 32 divide 204321?
False
Does 3 divide 88329?
True
Is 3 a factor of 4701180?
True
Is 8122 a multiple of 5?
False
Is 42658 a multiple of 113?
False
Is 73 a factor of 119063?
True
Does 28 divide 2240112?
True
Does 88 divide 631048?
True
Is 835919 a multiple of 17?
False
Is 70 a factor of 1484134?
False
Is 26 a factor of 11525644?
True
Does 127 divide 10737631?
False
Does 54 divide 17097?
False
Does 9 divide 2470518?
True
Does 6 divide 81078?
True
Does 9 divide 15768?
True
Is 109550 a multiple of 5?
True
Does 29 divide 4766011?
False
Is 11024261 a multiple of 7?
False
Does 6 divide 245286?
True
Is 1309140 a multiple of 10?
True
Is 19668750 a multiple of 50?
True
Does 15 divide 40551?
False
Is 155 a factor of 2055233?
False
Is 16 a factor of 34855?
False
Is 318675 a multiple of 15?
True
Does 138 divide 1330872?
True
Is 7 a factor of 1981455?
True
Does 119 divide 928795?
True
Is 24 a factor of 1390943?
False
Is 144 a factor of 3774163?
False
Is 3247168 a multiple of 13?
False
Does 18 divide 655079?
False
Is 150 a factor of 23567826?
False
Is 143255 a multiple of 206?
False
Is 29 a factor of 1511393?
True
Does 15 divide 8176080?
True
Is 2232924 a multiple of 146?
True
Is 675 a factor of 4844880?
False
Is 1017588 a multiple of 572?
True
Is 29 a factor of 948329?
True
Is 13 a factor of 205329?
False
Is 7030986 a multiple of 93?
True
Is 98643 a multiple of 147?
False
Is 861938 a multiple of 102?
False
Does 310 divide 30690?
True
Is 1747912 a multiple of 292?
True
Is 203 a factor of 543158?
False
Does 87 divide 4827244?
False
Is 114 a factor of 1103890?
False
Is 23 a factor of 2592?
False
Does 13 divide 2096146?
True
Does 426 divide 287083?
False
Is 11 a factor of 137203?
True
Is 88 a factor of 32570?
False
Is 14031607 a multiple of 74?
False
Does 246 divide 384769?
False
Does 283 divide 163574?
True
Is 210 a factor of 40320?
True
Does 141 divide 1318350?
True
Does 225 divide 4556775?
False
Does 24 divide 8078976?
True
Is 1151 a factor of 3532320?
False
Is 570857 a multiple of 27?
False
Does 755 divide 456946?
False
Does 179 divide 73458?
False
Is 5580971 a multiple of 20?
False
Is 1073 a factor of 1138453?
True
Is 38 a factor of 160550?
True
Does 527 divide 323775?
False
Is 39 a factor of 65682?
False
Is 336 a factor of 3159744?
True
Does 644 divide 1258188?
False
Is 336002 a multiple of 19?
False
Does 32 divide 408320?
True
Is 81 a factor of 109383?
False
Is 18200 a multiple of 100?
True
Is 803 a factor of 10654512?
False
Does 29 divide 875683?
False
Is 75 a factor of 185693?
False
Does 116 divide 7835568?
True
Is 50 a factor of 685850?
True
Is 1882941 a multiple of 23?
True
Is 13 a factor of 6752078?
False
Is 96162 a multiple of 341?
True
Does 13 divide 84734?
True
Is 9609743 a multiple of 1366?
False
Is 3530482 a multiple of 92?
False
Does 20 divide 2059823?
False
Is 297088 a multiple of 14?
False
Does 35 divide 368057?
False
Is 8 a factor of 72991?
False
Is 467116 a multiple of 3?
False
Is 63 a factor of 8800470?
True
Is 30 a factor of 491936?
False
Does 4 divide 501459?
False
Does 258 divide 96234?
True
Does 114 divide 542868?
True
Is 5 a factor of 327185?
True
Is 7845719 a multiple of 10?
False
Is 26 a factor of 630244?
False
Is 217252 even?
True
Does 90 divide 13254?
False
Does 3 divide 89181?
True
Does 6 divide 81757?
False
Is 26 a factor of 911144?
True
Is 2 a factor of 58331?
False
Is 75 a factor of 3026250?
True
Does 707 divide 2697205?
True
Is 6072218 a multiple of 161?
False
Is 1205930 a multiple of 30?
False
Does 40 divide 95398?
False
Does 261 divide 11141315?
False
Is 108570 a multiple of 47?
True
Is 6320290 a multiple of 28?
False
Is 8419502 a multiple of 149?
False
Does 75 divide 9225?
True
Is 9762 a multiple of 6?
True
Is 315156 a multiple 